{"id":73,"date":"2026-03-02T20:45:47","date_gmt":"2026-03-02T19:45:47","guid":{"rendered":"https:\/\/oliviafloralstudio.com\/?post_type=product&#038;p=73"},"modified":"2026-03-18T15:12:21","modified_gmt":"2026-03-18T14:12:21","slug":"alegria","status":"publish","type":"product","link":"https:\/\/floristeriamaranatha.com\/index.php\/producto\/alegria\/","title":{"rendered":"Alegr\u00eda"},"content":{"rendered":"","protected":false},"excerpt":{"rendered":"<p>Este hermoso arreglo de girasoles es ideal para cualquier ocasi\u00f3n especial. Los Girasoles simbolizan la felicidad, alegr\u00eda, el positivismo y la energ\u00eda.<\/p>\n","protected":false},"featured_media":185,"template":"","meta":{"_uag_custom_page_level_css":""},"product_cat":[18,19,20,25,21,22,23,24],"product_tag":[],"aioseo_notices":[],"uagb_featured_image_src":{"full":["https:\/\/floristeriamaranatha.com\/wp-content\/uploads\/2023\/08\/IMG_7019.jpg",1080,1080,false],"thumbnail":["https:\/\/floristeriamaranatha.com\/wp-content\/uploads\/2023\/08\/IMG_7019-150x150.jpg",150,150,true],"medium":["https:\/\/floristeriamaranatha.com\/wp-content\/uploads\/2023\/08\/IMG_7019-300x300.jpg",300,300,true],"medium_large":["https:\/\/floristeriamaranatha.com\/wp-content\/uploads\/2023\/08\/IMG_7019-768x768.jpg",768,768,true],"large":["https:\/\/floristeriamaranatha.com\/wp-content\/uploads\/2023\/08\/IMG_7019-1024x1024.jpg",1020,1020,true],"1536x1536":["https:\/\/floristeriamaranatha.com\/wp-content\/uploads\/2023\/08\/IMG_7019.jpg",1080,1080,false],"2048x2048":["https:\/\/floristeriamaranatha.com\/wp-content\/uploads\/2023\/08\/IMG_7019.jpg",1080,1080,false],"woocommerce_thumbnail":["https:\/\/floristeriamaranatha.com\/wp-content\/uploads\/2023\/08\/IMG_7019-300x300.jpg",300,300,true],"woocommerce_single":["https:\/\/floristeriamaranatha.com\/wp-content\/uploads\/2023\/08\/IMG_7019-600x600.jpg",600,600,true],"woocommerce_gallery_thumbnail":["https:\/\/floristeriamaranatha.com\/wp-content\/uploads\/2023\/08\/IMG_7019-100x100.jpg",100,100,true]},"uagb_author_info":{"display_name":"Floristeriamaranatha","author_link":"https:\/\/floristeriamaranatha.com\/index.php\/author\/"},"uagb_comment_info":0,"uagb_excerpt":"Este hermoso arreglo de girasoles es ideal para cualquier ocasi\u00f3n especial. Los Girasoles simbolizan la felicidad, alegr\u00eda, el positivismo y la energ\u00eda.","_links":{"self":[{"href":"https:\/\/floristeriamaranatha.com\/index.php\/wp-json\/wp\/v2\/product\/73"}],"collection":[{"href":"https:\/\/floristeriamaranatha.com\/index.php\/wp-json\/wp\/v2\/product"}],"about":[{"href":"https:\/\/floristeriamaranatha.com\/index.php\/wp-json\/wp\/v2\/types\/product"}],"wp:featuredmedia":[{"embeddable":true,"href":"https:\/\/floristeriamaranatha.com\/index.php\/wp-json\/wp\/v2\/media\/185"}],"wp:attachment":[{"href":"https:\/\/floristeriamaranatha.com\/index.php\/wp-json\/wp\/v2\/media?parent=73"}],"wp:term":[{"taxonomy":"product_cat","embeddable":true,"href":"https:\/\/floristeriamaranatha.com\/index.php\/wp-json\/wp\/v2\/product_cat?post=73"},{"taxonomy":"product_tag","embeddable":true,"href":"https:\/\/floristeriamaranatha.com\/index.php\/wp-json\/wp\/v2\/product_tag?post=73"}],"curies":[{"name":"wp","href":"https:\/\/api.w.org\/{rel}","templated":true}]}}